
Is 3659 prime?
True
Is 19889 a prime number?
True
Is 138371 a composite number?
False
Is 3691 a composite number?
False
Is 55409 prime?
False
Is 6803 a prime number?
True
Is 291197 a prime number?
False
Is 20161 composite?
False
Is 59557 a prime number?
True
Is 3281885 composite?
True
Is 1020583 a prime number?
True
Is 155849 a composite number?
False
Is 105817 composite?
False
Is 7867 composite?
False
Is 15559 prime?
True
Is 99353 a prime number?
False
Is 87473 a prime number?
True
Is 5102 a composite number?
True
Is 57899 a composite number?
False
Is 517 prime?
False
Is 3629 a composite number?
True
Is 109741 a prime number?
True
Is 10123 a prime number?
False
Is 2647 composite?
False
Is 249877 composite?
True
Is 968761 a composite number?
False
Is 2053 prime?
True
Is 4421 a prime number?
True
Is 377 prime?
False
Is 12469 a prime number?
False
Is 46281 a composite number?
True
Is 41281 prime?
True
Is 138793 composite?
False
Is 358181 a composite number?
False
Is 1050827 a composite number?
True
Is 375317 a prime number?
False
Is 72113 composite?
True
Is 258647 composite?
True
Is 923 composite?
True
Is 21133 a composite number?
True
Is 2059579 composite?
True
Is 10597 prime?
True
Is 28957 prime?
False
Is 210047 prime?
False
Is 6353 composite?
False
Is 923035 a prime number?
False
Is 13667 a prime number?
False
Is 2101879 a composite number?
True
Is 5942 composite?
True
Is 214103 a composite number?
True
Is 30335 a composite number?
True
Is 5669 a prime number?
True
Is 59063 composite?
False
Is 106565 a prime number?
False
Is 7247 a prime number?
True
Is 42631 prime?
False
Is 4249 composite?
True
Is 5039 a prime number?
True
Is 258415 a composite number?
True
Is 81227 a prime number?
False
Is 1361983 a prime number?
False
Is 16721 a composite number?
True
Is 36587 prime?
True
Is 139143 prime?
False
Is 24203 a prime number?
True
Is 674 composite?
True
Is 855227 composite?
True
Is 142 a composite number?
True
Is 2927 prime?
True
Is 34366 prime?
False
Is 17601 prime?
False
Is 91733 a prime number?
True
Is 387137 a prime number?
True
Is 2309993 a prime number?
False
Is 1398857 composite?
True
Is 790861 composite?
False
Is 653267 a composite number?
False
Is 6667 prime?
False
Is 342431 a prime number?
False
Is 237821 prime?
True
Is 33373 a composite number?
True
Is 34907 prime?
False
Is 226167 composite?
True
Is 61987 a prime number?
True
Is 5981 a composite number?
False
Is 17077 a composite number?
False
Is 27329 composite?
False
Is 796045 a composite number?
True
Is 1638797 a prime number?
True
Is 35141 a composite number?
False
Is 102007 prime?
False
Is 1291 a composite number?
False
Is 6467 a composite number?
True
Is 1147561 a composite number?
False
Is 207923 prime?
True
Is 551027 a composite number?
False
Is 443939 a composite number?
False
Is 41771 composite?
False
Is 7741 a prime number?
True
Is 19289 composite?
False
Is 31301 a composite number?
True
Is 46583 a composite number?
True
Is 50177 a composite number?
False
Is 12011 a composite number?
False
Is 28181 prime?
True
Is 789679 prime?
False
Is 58663 a prime number?
False
Is 10357 composite?
False
Is 18899 a composite number?
False
Is 731957 a composite number?
False
Is 968137 prime?
True
Is 99305 a prime number?
False
Is 409349 a prime number?
True
Is 583 a composite number?
True
Is 32041 composite?
True
Is 479507 prime?
False
Is 87929 a prime number?
False
Is 1143269 prime?
True
Is 3331 prime?
True
Is 44627 a composite number?
True
Is 1511 composite?
False
Is 223207 prime?
True
Is 11359 a composite number?
True
Is 145 a composite number?
True
Is 380615 prime?
False
Is 8391 a composite number?
True
Is 112237 a prime number?
True
Is 26483 a prime number?
False
Is 540751 composite?
False
Is 2180797 a composite number?
False
Is 2236633 a composite number?
True
Is 4803871 a composite number?
False
Is 79467 a prime number?
False
Is 70342 composite?
True
Is 161167 a composite number?
False
Is 48941 composite?
True
Is 127173 a prime number?
False
Is 10709 a composite number?
False
Is 158293 composite?
False
Is 70619 composite?
False
Is 57037 a composite number?
False
Is 5813 a composite number?
False
Is 5179 prime?
True
Is 625162 a prime number?
False
Is 406207 prime?
True
Is 51923 composite?
True
Is 7649003 composite?
False
Is 137591 a prime number?
False
Is 763201 a prime number?
True
Is 980507 prime?
False
Is 23687 prime?
True
Is 1499 composite?
False
Is 1817 composite?
True
Is 1808669 prime?
True
Is 35489 prime?
False
Is 52031 composite?
True
Is 529153 prime?
True
Is 19907 a prime number?
False
Is 13513 composite?
False
Is 765461 a prime number?
True
Is 431337 a prime number?
False
Is 31139 a composite number?
False
Is 336631 composite?
False
Is 4468942 a prime number?
False
Is 428111 a prime number?
False
Is 24557 composite?
True
Is 67867 composite?
False
Is 5177 composite?
True
Is 2391 a composite number?
True
Is 2827 a composite number?
True
Is 448597 a composite number?
False
Is 41991 composite?
True
Is 62171 a prime number?
True
Is 148849 composite?
True
Is 24233 prime?
False
Is 622 a prime number?
False
Is 8139 composite?
True
Is 8497 composite?
True
Is 75859 a prime number?
False
Is 77663 prime?
False
Is 19063 prime?
False
Is 10037 prime?
True
Is 7043 a prime number?
True
Is 10487 prime?
True
Is 27358 a prime number?
False
Is 59921 prime?
True
Is 5539 prime?
False
Is 7373107 a prime number?
False
Is 42277 a composite number?
True
Is 127883 a prime number?
False
Is 8443 a prime number?
True
Is 321047 prime?
True
Is 337529 a composite number?
False
Is 538199 a prime number?
True
Is 155371 a composite number?
False
Is 8501 composite?
False
Is 967607 composite?
False
Is 95579 composite?
True
Is 612701 a composite number?
True
Is 853345 composite?
True
Is 5501 a prime number?
True
Is 15389 a composite number?
True
Is 40453 a prime number?
False
Is 14717 a composite number?
False
Is 376945 composite?
True
Is 367553 a prime number?
False
Is 113281 a composite number?
True
Is 310223 a composite number?
False
Is 733501 composite?
True
Is 6373 composite?
False
Is 55313 composite?
False
Is 54539 a composite number?
False
Is 270869 composite?
True
Is 12007 a composite number?
False
Is 26294 prime?
False
Is 1117 a prime number?
True
Is 871 a composite number?
True
Is 205613 composite?
True
Is 60719 a composite number?
False
Is 456727 composite?
False
Is 87833 composite?
False
Is 16723 a composite number?
True
Is 20533 prime?
True
Is 140803 a composite number?
True
Is 381 a composite number?
True
Is 97327 a composite number?
False
Is 458009 a prime number?
True
Is 17827 composite?
False
Is 15511 prime?
True
Is 934809 a prime number?
False
Is 242971 prime?
True
Is 21719 composite?
True
Is 362959 a prime number?
False
Is 290062 composite?
True
Is 140405 composite?
True
Is 42565 a prime number?
False
Is 185711 a composite number?
False
Is 6331 prime?
False
Is 7057 a prime number?
True
Is 1009 composite?
False
Is 220123 composite?
False
Is 96865 a prime number?
False
Is 12469 composite?
True
Is 39293 prime?
True
Is 30449 a prime number?
True
Is 24889 a prime number?
True
Is 123479 a prime number?
True
Is 287 composite?
True
Is 19283 composite?
True
Is 26447 composite?
True
Is 951839 composite?
True
Is 39301 composite?
False
Is 3163 composite?
False
Is 797201 a prime number?
True
Is 650813 a prime number?
True
Is 8219 prime?
True
Is 5639 composite?
False
Is 250619 a composite number?
False
Is 207781 a composite number?
True
Is 515671 a prime number?
False
Is 452207 prime?
False
Is 15121 a composite number?
False
Is 1072293 a prime number?
False
Is 80021 prime?
True
Is 65767 a composite number?
True
Is 3985 a composite number?
True
Is 13522 a composite number?
True
Is 22327 a prime number?
False
Is 61909 a composite number?
False
Is 2840167 composite?
True
Is 52958 composite?
True
Is 552703 a composite number?
False
Is 245299 a composite number?
False
Is 4367 a composite number?
True
Is 6521 a prime number?
True
Is 1290374 prime?
False
Is 195193 prime?
True
Is 2243 a composite number?
False
Is 72095 composite?
True
Is 29702 composite?
True
Is 2899443 a prime number?
False
Is 5411 composite?
True
Is 258497 composite?
True
Is 96893 composite?
False
Is 2899 prime?
False
Is 9977 a composite numbe